{"id":37,"date":"2012-04-24T18:36:09","date_gmt":"2012-04-24T18:36:09","guid":{"rendered":"http:\/\/www.unsecondsouffle.com\/inscription\/?page_id=37"},"modified":"2026-03-17T16:26:43","modified_gmt":"2026-03-17T20:26:43","slug":"inscription-en-ligne","status":"publish","type":"page","link":"https:\/\/www.inscriptionenligne.ca\/on-avance-ensemble\/inscription-en-ligne\/","title":{"rendered":"Inscription Individuelle On Avance Ensemble"},"content":{"rendered":"<p>[et_pb_section fb_built=\u00a0\u00bb1&Prime; admin_label=\u00a0\u00bbsection\u00a0\u00bb _builder_version=\u00a0\u00bb4.16&Prime; global_colors_info=\u00a0\u00bb{}\u00a0\u00bb][et_pb_row admin_label=\u00a0\u00bbrow\u00a0\u00bb _builder_version=\u00a0\u00bb4.16&Prime; background_size=\u00a0\u00bbinitial\u00a0\u00bb background_position=\u00a0\u00bbtop_left\u00a0\u00bb background_repeat=\u00a0\u00bbrepeat\u00a0\u00bb global_colors_info=\u00a0\u00bb{}\u00a0\u00bb][et_pb_column type=\u00a0\u00bb4_4&Prime; _builder_version=\u00a0\u00bb4.16&Prime; custom_padding=\u00a0\u00bb|||\u00a0\u00bb global_colors_info=\u00a0\u00bb{}\u00a0\u00bb custom_padding__hover=\u00a0\u00bb|||\u00a0\u00bb][et_pb_text admin_label=\u00a0\u00bbText\u00a0\u00bb _builder_version=\u00a0\u00bb4.27.5&Prime; background_size=\u00a0\u00bbinitial\u00a0\u00bb background_position=\u00a0\u00bbtop_left\u00a0\u00bb background_repeat=\u00a0\u00bbrepeat\u00a0\u00bb global_colors_info=\u00a0\u00bb{}\u00a0\u00bb]<\/p>\n<h2>SAMEDI 6 JUIN 2026<\/h2>\n<h3>Utilisez ce formulaire pour faire une inscription individuelle.<\/h3>\n<p><strong>Autres formulaires disponibles:<\/strong><\/p>\n<p><!--<\/p>\n\n\n\n\n\n\n\n\n\n\n\n\n\n\n\n\n<h2><strong>Entreprise en Forme<\/strong><\/h2>\n\n\n\n\n\n\n\n\n\n\n\n\n\n\n\n\n<h3><span style=\"color: #ff0000;\">Faite battre le c\u0153ur de votre entreprise\u00a0<\/span><\/h3>\n\n\n\n\n\n\n\n\n\n\n\n\n\n\n\n\n<p>CARDI-O-FORME incite les entreprises de la r\u00e9gion \u00e0 participer \u00e0 la 38e \u00e9dition de la marche\/course du Dix de C\u0153ur o\u00f9 sport et engagement social sont associ\u00e9s.<\/p>\n\n\n\n\n\n\n\n\n\n\n\n\n\n\n\n\n<p>Fort de la r\u00e9ussite des ann\u00e9es ant\u00e9rieures, les organisateurs ont d\u00e9cid\u00e9 de solliciter les entreprises et de lancer un volet \u00e9quipe \u00e0 l\u2019\u00e9v\u00e8nement. Pour ce faire, nous vous invitons \u00e0 former une ou des \u00e9quipes de <strong>4 \u00e0 6 personnes<\/strong>. Le co\u00fbt d\u2019inscription pour une \u00e9quipe est de 240$.<\/p>\n\n\n\n\n\n\n\n\n\n\n\n\n\n\n\n\n<p>Lors de cette journ\u00e9e une serviette de sport sera remise en cadeau \u00e0 chaque participant faisant partie d\u2019une \u00e9quipe inscrite. Un re\u00e7u pour don de charit\u00e9 sera \u00e9galement remis aux entreprises. Vous d\u00e9sirez afficher votre entreprise inscrite pendant l'\u00e9v\u00e9nement ?<\/p>\n\n\n\n\n\n\n\n\n\n\n\n\n\n\n\n\n<p>Communiquez avec Val\u00e9rie Boudreault, Directrice \u00e0 l'adresse suivante : <a href=\"mailto:cardioforme@hotmail.com\">cardioforme@hotmail.com<\/a>.<\/p>\n\n\n\n\n\n\n\n\n\n\n\n\n\n\n\n\n<p><strong><em>Sport, engagement social, coh\u00e9sion d\u2019\u00e9quipe, toutes les raisons sont bonnes pour participer au Dix de C\u0153ur!<\/em><\/strong><\/p>\n\n\n\n\n\n\n\n\n\n\n\n\n\n\n\n\n<p><!--<\/p>\n\n\n\n\n\n\n\n\n\n\n\n\n\n\n\n\n<p><strong>Nous sommes dans l'obligation d'annuler notre \u00e9v\u00e9nement pour 2020 en raison de la pand\u00e9mie du COVID-19 .\u00a0 \u00c0 l'an prochain..<\/strong><\/p>\n\n\n\n\n\n\n\n\n\n\n\n\n\n\n\n\n<p><strong>Les participants inscrits recevront une infolettre sous peu leur indiquant les options qui s'offrent \u00e0 eux.<\/strong><\/p>\n\n\n\n\n\n\n\n\n\n\n\n\n\n\n\n\n<h4><strong>LES INSCRIPTIONS EN LIGNE SONT MAINTENANT TERMIN\u00c9ES<\/strong><\/h4>\n\n\n\n\n\n\n\n\n\n\n\n\n\n\n\n\n<p><strong>AUCUNE INSCRIPTION SUR PLACE LE JOUR DE L\u2019\u00c9V\u00c9NEMENT \u00a0<\/strong>--><\/p>\n<p>[\/et_pb_text][\/et_pb_column][\/et_pb_row][et_pb_row column_structure=\u00a0\u00bb1_3,1_3,1_3&Prime; _builder_version=\u00a0\u00bb4.27.0&Prime; _module_preset=\u00a0\u00bbdefault\u00a0\u00bb locked=\u00a0\u00bboff\u00a0\u00bb global_colors_info=\u00a0\u00bb{}\u00a0\u00bb][et_pb_column type=\u00a0\u00bb1_3&Prime; _builder_version=\u00a0\u00bb4.27.0&Prime; _module_preset=\u00a0\u00bbdefault\u00a0\u00bb global_colors_info=\u00a0\u00bb{}\u00a0\u00bb][et_pb_button button_url=\u00a0\u00bbhttps:\/\/www.inscriptionenligne.ca\/on-avance-ensemble\/inscription-en-ligne-2\/\u00a0\u00bb button_text=\u00a0\u00bbMULTIPLE\u00a0\u00bb button_alignment=\u00a0\u00bbcenter\u00a0\u00bb _builder_version=\u00a0\u00bb4.27.2&Prime; _module_preset=\u00a0\u00bbdefault\u00a0\u00bb custom_button=\u00a0\u00bbon\u00a0\u00bb button_text_size=\u00a0\u00bb16px\u00a0\u00bb button_text_color=\u00a0\u00bb#FFFFFF\u00a0\u00bb button_bg_color=\u00a0\u00bb#0C71C3&Prime; button_border_width=\u00a0\u00bb1px\u00a0\u00bb button_border_color=\u00a0\u00bb#000000&Prime; button_icon=\u00a0\u00bb&#x24;||divi||400&Prime; button_icon_color=\u00a0\u00bb#FFFFFF\u00a0\u00bb background_layout=\u00a0\u00bbdark\u00a0\u00bb custom_css_main_element=\u00a0\u00bbmin-width: 190px;\u00a0\u00bb locked=\u00a0\u00bboff\u00a0\u00bb global_colors_info=\u00a0\u00bb{}\u00a0\u00bb][\/et_pb_button][\/et_pb_column][et_pb_column type=\u00a0\u00bb1_3&Prime; _builder_version=\u00a0\u00bb4.27.0&Prime; _module_preset=\u00a0\u00bbdefault\u00a0\u00bb global_colors_info=\u00a0\u00bb{}\u00a0\u00bb][et_pb_button button_url=\u00a0\u00bbhttps:\/\/www.inscriptionenligne.ca\/on-avance-ensemble\/ambassadeurs\/\u00a0\u00bb button_text=\u00a0\u00bbAMBASSADEURS\u00a0\u00bb button_alignment=\u00a0\u00bbcenter\u00a0\u00bb _builder_version=\u00a0\u00bb4.27.5&Prime; _module_preset=\u00a0\u00bbdefault\u00a0\u00bb custom_button=\u00a0\u00bbon\u00a0\u00bb button_text_size=\u00a0\u00bb16px\u00a0\u00bb button_text_color=\u00a0\u00bb#FFFFFF\u00a0\u00bb button_bg_color=\u00a0\u00bb#0C71C3&Prime; button_border_width=\u00a0\u00bb1px\u00a0\u00bb button_border_color=\u00a0\u00bb#000000&Prime; button_icon=\u00a0\u00bb&#x24;||divi||400&Prime; button_icon_color=\u00a0\u00bb#FFFFFF\u00a0\u00bb background_layout=\u00a0\u00bbdark\u00a0\u00bb hover_enabled=\u00a0\u00bb0&Prime; custom_css_main_element=\u00a0\u00bbmin-width: 190px;\u00a0\u00bb locked=\u00a0\u00bboff\u00a0\u00bb global_colors_info=\u00a0\u00bb{}\u00a0\u00bb sticky_enabled=\u00a0\u00bb0&Prime;][\/et_pb_button][\/et_pb_column][et_pb_column type=\u00a0\u00bb1_3&Prime; _builder_version=\u00a0\u00bb4.27.0&Prime; _module_preset=\u00a0\u00bbdefault\u00a0\u00bb global_colors_info=\u00a0\u00bb{}\u00a0\u00bb][et_pb_button button_url=\u00a0\u00bbhttps:\/\/www.inscriptionenligne.ca\/on-avance-ensemble\/supporter-une-equipe\/\u00a0\u00bb button_text=\u00a0\u00bbFAIRE UN DON\u00a0\u00bb button_alignment=\u00a0\u00bbcenter\u00a0\u00bb _builder_version=\u00a0\u00bb4.27.4&Prime; _module_preset=\u00a0\u00bbdefault\u00a0\u00bb custom_button=\u00a0\u00bbon\u00a0\u00bb button_text_size=\u00a0\u00bb16px\u00a0\u00bb button_text_color=\u00a0\u00bb#FFFFFF\u00a0\u00bb button_bg_color=\u00a0\u00bb#0C71C3&Prime; button_border_width=\u00a0\u00bb1px\u00a0\u00bb button_border_color=\u00a0\u00bb#000000&Prime; button_icon=\u00a0\u00bb&#x24;||divi||400&Prime; button_icon_color=\u00a0\u00bb#FFFFFF\u00a0\u00bb background_layout=\u00a0\u00bbdark\u00a0\u00bb custom_css_main_element=\u00a0\u00bbmin-width: 190px;\u00a0\u00bb locked=\u00a0\u00bboff\u00a0\u00bb global_colors_info=\u00a0\u00bb{}\u00a0\u00bb][\/et_pb_button][\/et_pb_column][\/et_pb_row][et_pb_row _builder_version=\u00a0\u00bb4.27.0&Prime; _module_preset=\u00a0\u00bbdefault\u00a0\u00bb global_colors_info=\u00a0\u00bb{}\u00a0\u00bb][et_pb_column type=\u00a0\u00bb4_4&Prime; _builder_version=\u00a0\u00bb4.27.0&Prime; _module_preset=\u00a0\u00bbdefault\u00a0\u00bb global_colors_info=\u00a0\u00bb{}\u00a0\u00bb][et_pb_text _builder_version=\u00a0\u00bb4.27.5&Prime; _module_preset=\u00a0\u00bbdefault\u00a0\u00bb global_colors_info=\u00a0\u00bb{}\u00a0\u00bb]<\/p>\n<p>Consultez les\u00a0<strong><a title=\"Termes et conditions\" href=\"https:\/\/www.inscriptionenligne.ca\/on-avance-ensemble\/termes-et-conditions\/\" target=\"_blank\" rel=\"noopener noreferrer\">Termes et conditions<\/a><\/strong>\u00a0et notre\u00a0<strong><a title=\"Politique de confidentialit\u00e9\" href=\"https:\/\/www.inscriptionenligne.ca\/on-avance-ensemble\/politique-de-confidentialite\/\" target=\"_blank\" rel=\"noopener noreferrer\">Politique de confidentialit\u00e9<\/a>.<\/strong><\/p>\n<ul>\n<li>Les inscriptions sont non remboursables et non transf\u00e9rables<\/li>\n<li>La course aura lieu beau temps mauvais temps<\/li>\n<li>Des frais\u00a0de banque et de service seront ajout\u00e9s \u00e0 votre montant \u00e0 payer<\/li>\n<li>La transaction se fait via\u00a0<a href=\"http:\/\/www.inscriptionenligne.ca\" target=\"_blank\" rel=\"noopener noreferrer\">inscriptionenligne.ca<\/a>\u00a0dans un environnement s\u00e9curis\u00e9 par\u00a0<strong>Moneris\u00a0<\/strong>et les donn\u00e9es transmises sont s\u00e9curis\u00e9es tel que l&rsquo;indique l&rsquo;ic\u00f4ne du cadenas dans la barre d&rsquo;adresse de votre fureteur<\/li>\n<li><strong>Inscriptionenligne.ca \u00a0<\/strong>pr\u00e9l\u00e8vera le montant de votre inscription au nom de :\u00a0<strong>On Avance Ensemble<\/strong>.<\/li>\n<\/ul>\n<p>[\/et_pb_text][\/et_pb_column][\/et_pb_row][\/et_pb_section]<\/p>\n","protected":false},"excerpt":{"rendered":"<p>SAMEDI 6 JUIN 2026 Utilisez ce formulaire pour faire&#8230;<\/p>\n","protected":false},"author":1,"featured_media":0,"parent":0,"menu_order":0,"comment_status":"closed","ping_status":"closed","template":"regpage.php","meta":{"_et_pb_use_builder":"on","_et_pb_old_content":"<h2>SAMEDI 10 MAI 2025<\/h2>\r\n<h3>Utilisez ce formulaire pour faire une inscription individuelle.<\/h3>\r\n<strong>Autres formulaires disponibles:<\/strong>\r\n<p style=\"text-align: center;\"><button><a style=\"color: white;\" href=\"https:\/\/www.inscriptionenligne.ca\/on-avance-ensemble\/inscription-en-ligne-2\/\">Familiale<\/a><\/button><strong> <button style=\"background-color: orange;\"> <a style=\"color: white;\" href=\"https:\/\/www.inscriptionenligne.ca\/on-avance-ensemble\/defi-equipe\/\">Entreprise en forme - D\u00e9fi \u00c9quipe<\/a><\/button><\/strong><\/p>\r\n\r\n<h3>Consultez les\u00a0<a title=\"Termes et conditions\" href=\"https:\/\/www.inscriptionenligne.ca\/on-avance-ensemble\/termes-et-conditions\/\"><strong>Termes et conditions<\/strong><\/a>\u00a0et notre\u00a0<strong><a title=\"Politique de confidentialit\u00e9\" href=\"https:\/\/www.inscriptionenligne.ca\/on-avance-ensemble\/politique-de-confidentialite\/\">Politique de confidentialit\u00e9<\/a>.<\/strong><\/h3>\r\n<ul>\r\n \t<li>Les inscriptions sont non remboursables et non transf\u00e9rables<\/li>\r\n \t<li>La course aura lieu beau temps mauvais temps<\/li>\r\n \t<li>Des frais bancaires et de service s'ajouteront au montant \u00e0 payer<\/li>\r\n \t<li>La transaction se fait via\u00a0<a href=\"http:\/\/www.inscriptionenligne.ca\" target=\"_blank\" rel=\"noopener noreferrer\">inscriptionenligne.ca<\/a>\u00a0dans un environnement s\u00e9curis\u00e9 par\u00a0<strong>Moneris\u00a0<\/strong>et les donn\u00e9es transmises sont s\u00e9curis\u00e9es tel que l'indique l'ic\u00f4ne du cadenas dans la barre d'adresse de votre fureteur<\/li>\r\n \t<li><strong>Inscriptionenligne.ca\u00a0<\/strong>pr\u00e9l\u00e8vera le montant de votre inscription au nom de: <strong>Dix de Coeur.<\/strong><\/li>\r\n<\/ul>\r\nDepuis 1984, le <strong>Dix de Coeur<\/strong> rassemble les familles, amis et coll\u00e8gues. Au profit de l'organisme <strong>Cardi-O-Forme<\/strong>, l'\u00e9v\u00e8nement accueille plus de 1000 participants \u00e0 chaque ann\u00e9e. C'est un lieu de rencontre familiale qui permet de pr\u00e9venir les probl\u00e8mes de sant\u00e9 des participants de <strong>Cardi-O-Forme<\/strong>.\r\n\r\nDes gens de tous \u00e2ges viennent y partager des moments heureux sous le soleil de mai. Chacun va \u00e0 son rythme, la marche\/ course permet de se fixer ses propres objectifs. Inscrivez-vous\r\n\r\n<!--\r\n<h2><strong>Entreprise en Forme<\/strong><\/h2>\r\n<h3><span style=\"color: #ff0000;\">Faite battre le c\u0153ur de votre entreprise\u00a0<\/span><\/h3>\r\nCARDI-O-FORME incite les entreprises de la r\u00e9gion \u00e0 participer \u00e0 la 38e \u00e9dition de la marche\/course du Dix de C\u0153ur o\u00f9 sport et engagement social sont associ\u00e9s.\r\n\r\nFort de la r\u00e9ussite des ann\u00e9es ant\u00e9rieures, les organisateurs ont d\u00e9cid\u00e9 de solliciter les entreprises et de lancer un volet \u00e9quipe \u00e0 l\u2019\u00e9v\u00e8nement. Pour ce faire, nous vous invitons \u00e0 former une ou des \u00e9quipes de <strong>4 \u00e0 6 personnes<\/strong>. Le co\u00fbt d\u2019inscription pour une \u00e9quipe est de 240$.\r\n\r\nLors de cette journ\u00e9e une serviette de sport sera remise en cadeau \u00e0 chaque participant faisant partie d\u2019une \u00e9quipe inscrite. Un re\u00e7u pour don de charit\u00e9 sera \u00e9galement remis aux entreprises. Vous d\u00e9sirez afficher votre entreprise inscrite pendant l'\u00e9v\u00e9nement ?\r\n\r\nCommuniquez avec Val\u00e9rie Boudreault, Directrice \u00e0 l'adresse suivante : <a href=\"mailto:cardioforme@hotmail.com\">cardioforme@hotmail.com<\/a>.\r\n\r\n<strong><em>Sport, engagement social, coh\u00e9sion d\u2019\u00e9quipe, toutes les raisons sont bonnes pour participer au Dix de C\u0153ur!<\/em><\/strong>\r\n\r\n<!--\r\n<strong>Nous sommes dans l'obligation d'annuler notre \u00e9v\u00e9nement pour 2020 en raison de la pand\u00e9mie du COVID-19 .\u00a0 \u00c0 l'an prochain..<\/strong>\r\n\r\n<strong>Les participants inscrits recevront une infolettre sous peu leur indiquant les options qui s'offrent \u00e0 eux.<\/strong>\r\n<h4><strong>LES INSCRIPTIONS EN LIGNE SONT MAINTENANT TERMIN\u00c9ES<\/strong><\/h4>\r\n<strong>AUCUNE INSCRIPTION SUR PLACE LE JOUR DE L\u2019\u00c9V\u00c9NEMENT \u00a0<\/strong>-->","_et_gb_content_width":"","footnotes":""},"class_list":["post-37","page","type-page","status-publish","hentry"],"_links":{"self":[{"href":"https:\/\/www.inscriptionenligne.ca\/on-avance-ensemble\/wp-json\/wp\/v2\/pages\/37","targetHints":{"allow":["GET"]}}],"collection":[{"href":"https:\/\/www.inscriptionenligne.ca\/on-avance-ensemble\/wp-json\/wp\/v2\/pages"}],"about":[{"href":"https:\/\/www.inscriptionenligne.ca\/on-avance-ensemble\/wp-json\/wp\/v2\/types\/page"}],"author":[{"embeddable":true,"href":"https:\/\/www.inscriptionenligne.ca\/on-avance-ensemble\/wp-json\/wp\/v2\/users\/1"}],"replies":[{"embeddable":true,"href":"https:\/\/www.inscriptionenligne.ca\/on-avance-ensemble\/wp-json\/wp\/v2\/comments?post=37"}],"version-history":[{"count":78,"href":"https:\/\/www.inscriptionenligne.ca\/on-avance-ensemble\/wp-json\/wp\/v2\/pages\/37\/revisions"}],"predecessor-version":[{"id":1620,"href":"https:\/\/www.inscriptionenligne.ca\/on-avance-ensemble\/wp-json\/wp\/v2\/pages\/37\/revisions\/1620"}],"wp:attachment":[{"href":"https:\/\/www.inscriptionenligne.ca\/on-avance-ensemble\/wp-json\/wp\/v2\/media?parent=37"}],"curies":[{"name":"wp","href":"https:\/\/api.w.org\/{rel}","templated":true}]}}