{"id":1131,"date":"2024-09-30T16:23:46","date_gmt":"2024-09-30T20:23:46","guid":{"rendered":"https:\/\/www.inscriptionenligne.ca\/dixdecoeur\/?page_id=1131"},"modified":"2025-01-27T09:49:24","modified_gmt":"2025-01-27T14:49:24","slug":"creer-une-equipe","status":"publish","type":"page","link":"https:\/\/www.inscriptionenligne.ca\/course-des-neiges\/creer-une-equipe\/","title":{"rendered":"Cr\u00e9er une \u00e9quipe"},"content":{"rendered":"<p>Ajoutez un d\u00e9fi \u00e9quipe \u00e0 votre \u00e9v\u00e9nement. Cela incite les participants \u00e0 participer \u00e0 plusieurs. D\u00e8s qu\u2019ils ont cr\u00e9\u00e9 une \u00e9quipe ils se mettent au travail pour trouver d\u2019autres participants.<\/p>\n<p>Stimulez leur enthousiasme en organisant un concours ou en faisant tirer des prix aux participants inscrits en \u00e9quipe.<\/p>\n","protected":false},"excerpt":{"rendered":"<p>Ajoutez un d\u00e9fi \u00e9quipe \u00e0 votre \u00e9v\u00e9nement. Cela incite les participants \u00e0 participer \u00e0 plusieurs. D\u00e8s qu\u2019ils ont cr\u00e9\u00e9 une \u00e9quipe ils se mettent au travail pour trouver d\u2019autres participants. Stimulez leur enthousiasme en organisant un concours ou en faisant tirer des prix aux participants inscrits en \u00e9quipe.<\/p>\n","protected":false},"author":1,"featured_media":0,"parent":0,"menu_order":0,"comment_status":"closed","ping_status":"closed","template":"","meta":{"_et_pb_use_builder":"","_et_pb_old_content":"","_et_gb_content_width":"","footnotes":""},"class_list":["post-1131","page","type-page","status-publish","hentry"],"_links":{"self":[{"href":"https:\/\/www.inscriptionenligne.ca\/course-des-neiges\/wp-json\/wp\/v2\/pages\/1131","targetHints":{"allow":["GET"]}}],"collection":[{"href":"https:\/\/www.inscriptionenligne.ca\/course-des-neiges\/wp-json\/wp\/v2\/pages"}],"about":[{"href":"https:\/\/www.inscriptionenligne.ca\/course-des-neiges\/wp-json\/wp\/v2\/types\/page"}],"author":[{"embeddable":true,"href":"https:\/\/www.inscriptionenligne.ca\/course-des-neiges\/wp-json\/wp\/v2\/users\/1"}],"replies":[{"embeddable":true,"href":"https:\/\/www.inscriptionenligne.ca\/course-des-neiges\/wp-json\/wp\/v2\/comments?post=1131"}],"version-history":[{"count":6,"href":"https:\/\/www.inscriptionenligne.ca\/course-des-neiges\/wp-json\/wp\/v2\/pages\/1131\/revisions"}],"predecessor-version":[{"id":1244,"href":"https:\/\/www.inscriptionenligne.ca\/course-des-neiges\/wp-json\/wp\/v2\/pages\/1131\/revisions\/1244"}],"wp:attachment":[{"href":"https:\/\/www.inscriptionenligne.ca\/course-des-neiges\/wp-json\/wp\/v2\/media?parent=1131"}],"curies":[{"name":"wp","href":"https:\/\/api.w.org\/{rel}","templated":true}]}}